1). What is the remainder when (p + -346)/(-3) + 5*-1 is divided by 18?
17
Let q(o) = -496*o + 112. What is the remainder when q(-4) is divided by 35?
31
Let d = 104 - 40. Let h be ((-24)/54)/(6/(-27)). Suppose -4*z - 4*l = -0*l - 108, h*l = -4*z + 102. Calculate the remainder when d is divided by z.
16
Let i = -36 + 80. Suppose z - i = 18. What is the remainder when z is divided by 13?
10
Let c = 79 - 79. Suppose -9*b + 45 = -c*b. What is the remainder when 33 is divided by b?
3
Let h = -248 + 411. What is the remainder when 1643 is divided by h?
13
Let m(x) = -x + 16. Let z be m(11). Suppose -q + 5*i - 38 = 2*q, -z*q - 90 = -3*i. Calculate the remainder when 173 is divided by 19 + q/14*2*1.
13
Calculate the remainder when (-4524)/(-13) - -1 - 14 is divided by 31.
25
Let y = 3836 + -3774. What is the remainder when y is divided by 14?
6
Let o be (3/(-6))/1*(-2 + -150). Let g = -16 + o. Calculate the remainder when 417 is divided by g.
57
Suppose 7*z + 75*c - 71*c = 65, 0 = -3*z - c + 25. Let u = -701 - -1022. What is the remainder when u is divided by z?
6
Suppose s = -3*s + 256. What is the remainder when s is divided by ((-1)/(-2))/((-7344)/736 - -10)?
18
Suppose 5*n + 351 = 18*n. Suppose -79*q + n = -78*q. What is the remainder when q is divided by 16?
11
Let d(a) = -3*a**2 - 30*a - 20. Let y be d(-8). Suppose y*b = 36*b - 888. Let h(w) = 2*w**2 - w - 7. What is the remainder when b is divided by h(5)?
35
Suppose -5*s + 5*y = -65, -y + 14 = 4*s - 18. Calculate the remainder when 2049 is divided by s.
6
Suppose 408 = -11329*n + 11337*n. What is the remainder when 318 is divided by n?
12
Let g = -25519 - -25606. Calculate the remainder when g is divided by 12.
3
Let y(x) = 5*x**3 - 16*x**2 - 11*x + 10. Calculate the remainder when 222 is divided by y(4).
12
Let t(f) = -f**2 + 2*f + 27. Let z be t(-4). Let o(g) = g**3 - 3*g - 9. Suppose 32 = 5*m - 93. What is the remainder when m is divided by o(z)?
7
Let r(c) = c**2 - 14*c + 55. Let n(t) = t**3 - 2*t**2 - 2*t + 3. Let w be n(3). Let q = -14 - -33. What is the remainder when q is divided by r(w)?
5
Let m = 129 + -50. Let w be ((-32410)/(-210))/(2/6). Let q = w + -442. What is the remainder when m is divided by q?
16
Let x(j) = 285*j + 8910. What is the remainder when x(-21) is divided by 24?
21
Suppose -212 = -4*a + 4*t, -380 = -a + 4*t - 318. Let x = -6 - -30. What is the remainder when a is divided by x?
2
Let p(m) = m**2 - 6*m - 2. Let i(c) = 12*c - 43. Let h be i(5). Suppose -27 = -20*r + h*r. What is the remainder when 95 is divided by p(r)?
20
Suppose 2*z - 3 = z, 84 = -4*f - 4*z. Let g be (-1)/(-6) + (-404)/f. Let d = 3 + g. Calculate the remainder when d is divided by 13.
7
Suppose 77 = -0*o + 2*o + 5*y, o + 3*y - 37 = 0. What is the remainder when 172 is divided by o?
34
Let x(a) = a + 8. Let f(r) = 17*r + 146. Calculate the remainder when x(6) is divided by f(-8).
4
Let q = -214 + 215. Calculate the remainder when ((-1207)/(-34))/(q/2) is divided by 13.
6
Let w(x) = 11*x - 123. Let n(d) = 4*d**2 + 10*d - 5. Let l(b) = -b**2 - b. Let j(h) = -5*l(h) - n(h). What is the remainder when j(12) is divided by w(12)?
8
Suppose 1981 = 23*n + 532. Calculate the remainder when 1382 is divided by n.
59
Let d = 966 + -430. Let v = d + -524. Calculate the remainder when 405 is divided by v.
9
Suppose 5*q + o = 6444, 4*q + 2663 - 7853 = 5*o. Calculate the remainder when q is divided by 17.
15
Let w = 261 - 235. Calculate the remainder when 73 is divided by w.
21
Suppose 10*o + 3220 = 33*o. Calculate the remainder when o is divided by 21964/306 - 2/(-9).
68
Suppose -3 = 3*l, 299 = 2*i + l + 2*l. What is the remainder when i is divided by (-39*3/6)/(2/(-4))?
34
Let p(r) be the third derivative of -3*r**4/8 - 25*r**3 - 184*r**2. What is the remainder when p(-31) is divided by 58?
13
Let i = -2336 - -6256. What is the remainder when i is divided by 74?
72
Let a(y) = 35*y - 486. What is the remainder when a(26) is divided by 210?
4
What is the remainder when 488 is divided by (-5)/((-13)/(-520)*-8)?
13
Let l = 3334 - 3319. What is the remainder when 869 is divided by l?
14
Let r(f) = f**3 - f + 39. Let p be r(0). Let t = p - 19. Suppose 91 = -q + 128. Calculate the remainder when q is divided by t.
17
Suppose -96*r - 10 = -95*r. What is the remainder when (-172)/215 + (-1778)/r is divided by 60?
57
Let l(d) = 35*d**2 - 5. Let j be l(-2). Let h = j - 82. What is the remainder when h is divided by 14?
11
Let i(v) = 11*v - 101. Calculate the remainder when 2138 is divided by i(11).
18
Suppose g + b = 5*b + 146, 5*g = 2*b + 766. Let t = 161 - g. Calculate the remainder when 138 is divided by t.
5
Suppose 5*c + 5*c - 13*c = 0. Suppose c = 5*d + 54 - 99. Calculate the remainder when 50 is divided by d.
5
Let g = 47 + -47. Suppose -3*k - 2*k + 400 = g. Suppose -5*u + k = -u. Calculate the remainder when 59 is divided by u.
19
Let r(m) be the first derivative of -m**4/4 + 11*m**3/3 - m**2 - 22*m + 10. Let h = 52 - 42. What is the remainder when r(h) is divided by 15?
13
Let y be (36/30)/(3/(-10)). Let r be -40*(-2)/y*(2 - 3). Suppose -p + 13 = -3*s, -5*s + r = -0*s. What is the remainder when p is divided by 9?
7
Let j(k) = -8*k**2 - 1707*k + 1100. Let m(v) = 204*v**2 + 4*v - 3. Let o be m(2). What is the remainder when 4/(-14) - o/(-7) is divided by j(-214)?
27
Let u(h) = -3*h**2 + 20*h + 69. Let w = 31 - 21. Calculate the remainder when u(8) is divided by w.
7
Let d = -6653 + 6664. Suppose 2*b - 96 = -5*x - 3, x - b = 20. Suppose r = x + 35. Calculate the remainder when r is divided by d.
10
Let p = -488 + 498. Suppose p*v + 7*v = 289. Let w = -80 + 144. What is the remainder when w is divided by v?
13
Suppose -23 = -7*b - 9. Let x(d) = -15*d + 13 + 6 + b*d. What is the remainder when x(-6) is divided by 33?
31
Let p be (-18 + 4 + 4)*(-3)/6. Suppose -10*a = -p*a - 135. Calculate the remainder when 52 is divided by a.
25
Suppose 0 = -4*k + 3*j - 19 + 89, -4*k = -4*j - 72. Let g = 288 + -301. Let q(c) = -9*c - 86. What is the remainder when q(g) is divided by k?
15
Suppose 190 + 503 = 30*y - 357. Calculate the remainder when 382 is divided by y.
32
Let o(n) = 3*n**2 - 6*n - 19. Let w be o(-3). What is the remainder when 107 is divided by 0 - (0 + -1) - (0 - w)?
26
Let t = 46006 + -45997. Let y = 70 + -7. Calculate the remainder when y is divided by t.
0
Let p(y) = 887*y**3 + 28*y - 30. What is the remainder when p(1) is divided by 335?
215
Let w(x) = -82*x**3 - 2*x**2 - 72*x - 223. Calculate the remainder when w(-3) is divided by 547.
1
Calculate the remainder when 2*((-1)/(-2) - (-2 + -301)) is divided by 69.
55
Suppose 3*z - 6*z + 1210 = 5*b, z + 3*b = 402. What is the remainder when z is divided by 136?
133
Let v(g) = 2*g**2 - 53*g + 15. Calculate the remainder when 2769 is divided by v(28).
96
Suppose -2*t + 41 = -15. Suppose -3*q - 5*s = -20, 0 = 5*q + 2*s + s - t. Suppose -3*o - 54 = -q*o. What is the remainder when 106 is divided by o?
25
Let h(o) = -115*o**2 - 614*o + 41. Calculate the remainder when h(-5) is divided by 17.
15
Let q = -15194 - -15299. What is the remainder when 255 is divided by q?
45
Let t(s) = 3*s**2 - 49*s - 53. Let b(k) = -23*k + 2. What is the remainder when b(-8) is divided by t(19)?
87
Let g be 4/1 - 4 - 6. Let t = g + 8. Suppose -315 = -5*z + t*h, -2*h - 320 = -5*z + h. Calculate the remainder when z is divided by 21.
19
Let i = -26469 - -26537. What is the remainder when 437 is divided by i?
29
Suppose 202 = 9*d - 140. What is the remainder when 1096 is divided by d?
32
What is the remainder when 6/4*(2 - -80) is divided by -3 + (-84)/(12/(-3))?
15
Let u(c) = -c + 19. Let a be u(10). Let g = a + -4. Suppose 25 = -g*y, 100 = 5*m - 0*y + 2*y. What is the remainder when 64 is divided by m?
20
Let v = -1159 + 1185. What is the remainder when (-1)/4*1 - (-2305)/20 is divided by v?
11
Suppose -5 = -3*g + 34. Suppose 0 = -4*s - 7*t + 4*t + 59, -2*s - 4*t + 32 = 0. What is the remainder when 217/s - -4 - 2/4 is divided by g?
6
Let u be -1*2*-2*(3 - 4). Let j be (u + 1)*(1 - 3). What is the remainder when 36 is divided by -3 + 5 + 0 + j?
4
Let r be 1406/(-4) - (1 - (-18)/(-12)). Let g = r - -363. Suppose i - 27 = -k, -5*k + 155 = -2*i + 3*i. What is the remainder when k is divided 